{"id":1498,"date":"2019-01-23T13:38:12","date_gmt":"2019-01-23T13:38:12","guid":{"rendered":"https:\/\/educardigitalinova.net\/site\/?page_id=73"},"modified":"2019-01-23T13:38:12","modified_gmt":"2019-01-23T13:38:12","slug":"cultura-digital-educacao-linguagem-e-tecnologia-2-2","status":"publish","type":"page","link":"https:\/\/labinteligenciadigital.com.br\/digital\/cultura-digital-educacao-linguagem-e-tecnologia-2-2\/","title":{"rendered":"\ufeffCultura Digital, Educa\u00e7\u00e3o, Linguagem e Tecnologia"},"content":{"rendered":"<div class=\"wp-block-image\">\n<figure class=\"aligncenter\"><img fetchpriority=\"high\" decoding=\"async\" width=\"212\" height=\"300\" src=\"https:\/\/labinteligenciadigital.com.br\/digital\/wp-content\/uploads\/2019\/01\/Capa-do-E-book-Cultura-Digital-e-Educacao-212x300-212x300-1.jpg\" alt=\"\" class=\"wp-image-74\"\/><\/figure>\n<\/div>\n\n\n<p class=\"has-text-align-center\"><strong>Cultura Digital, Educa\u00e7\u00e3o, Linguagem e Tecnologia<\/strong><br>M\u00e1rcio Luiz Corr\u00eaa Vila\u00e7a<br>Elaine Vasquez Ferreira de Araujo<br>(Organizadores)<br>ISBN : 978-85-9549-028-<\/p>\n\n\n\n<h4 class=\"wp-block-heading has-text-align-center\"><a href=\"https:\/\/marciovilaca.com.br\/site\/download\/238\/\" target=\"_blank\" rel=\"noopener\" title=\"\">Download Gratuito no Link Abaixo!<\/a><\/h4>\n\n\n\n<p class=\"has-text-align-center\"><strong>Cultura Digital, Educa\u00e7\u00e3o, Linguagem e Tecnologia<\/strong><\/p>\n\n\n\n<blockquote class=\"wp-block-quote has-text-align-left is-style-default is-layout-flow wp-block-quote-is-layout-flow\">\n<p><br><br>Quest\u00f5es relacionadas \u00e0 complexa rela\u00e7\u00e3o entre Cultura Digital, Educa\u00e7\u00e3o, Tecnologia e Linguagem v\u00eam sendo discutidas e tratadas por diversos pesquisadores nos \u00faltimos anos, considerando a complexidade, abrang\u00eancia e relev\u00e2ncia do tema. Partindo do reconhecimento de que discuss\u00f5es s\u00e3o sempre pertinentes e devem ser constantemente examinadas e reexaminadas, este livro aborda a discuss\u00e3o desses temas, privilegiando a perspectiva interdisciplinar nos olhares e discuss\u00f5es sobre as tem\u00e1ticas aqui contempladas. Os artigos foram escritos por pesquisadores de diferentes \u00e1reas do saber, em destaque Letras, Lingu\u00edstica Aplicada e Educa\u00e7\u00e3o, escritos por pesquisadores mestres, doutores e doutorandos. Isso permite aprofundamento da contribui\u00e7\u00e3o acad\u00eamica da publica\u00e7\u00e3o. Esta publica\u00e7\u00e3o se insere no Grupo de Pesquisa Lingu\u00edstica Aplicada, Tecnologias e Educa\u00e7\u00e3o (LATED), cadastrado no Diret\u00f3rio do CNPq, do qual os organizadores e alguns autores participam. M\u00e1rcio Vila\u00e7a \u00e9 l\u00edder do grupo de pesquisa. Elaine Vasquez, que \u00e9 estudante de doutorado sob orienta\u00e7\u00e3o de M\u00e1rcio Vila\u00e7a, tamb\u00e9m \u00e9 participante do grupo.<\/p>\n\n\n\n<p>Este livro d\u00e1 continuidade \u00e0 proposta do livro Tecnologia, Sociedade e Educa\u00e7\u00e3o na Era Digital (2016), que teve os mesmos organizadores e conta com v\u00e1rios autores em comum com o primeiro livro. No entanto, neste trabalho privilegiamos a quest\u00e3o das Tecnologias Digitais e a Educa\u00e7\u00e3o como tem\u00e1tica norteadora central, enquanto o livro anterior abordava quest\u00f5es mais amplas.<\/p>\n\n\n\n<p>O objetivo dos artigos reunidos neste livro \u00e9 oferecer uma diversidade de discuss\u00f5es e colaborar com m\u00faltiplos olhares sobre as rela\u00e7\u00f5es entre pr\u00e1ticas sociais e discursivas, tecnologias digitais de informa\u00e7\u00e3o e comunica\u00e7\u00e3o, cultura digital e contexto escolar. Cibercultura, Educa\u00e7\u00e3o, Letramento, Linguagem, Hipertexto, Redes Sociais, G\u00eaneros Textuais Digitais, Ensino de L\u00ednguas Estrangeiras, Educa\u00e7\u00e3o Inclusiva, Educa\u00e7\u00e3o a dist\u00e2ncia e Forma\u00e7\u00e3o de Professores s\u00e3o algumas das tem\u00e1ticas abordadas.<\/p>\n<\/blockquote>\n","protected":false},"excerpt":{"rendered":"<p>Cultura Digital, Educa\u00e7\u00e3o, Linguagem e TecnologiaM\u00e1rcio Luiz Corr\u00eaa Vila\u00e7aElaine Vasquez Ferreira de Araujo(Organizadores)ISBN : 978-85-9549-028- Download Gratuito no Link Abaixo! Cultura Digital, Educa\u00e7\u00e3o, Linguagem e Tecnologia Quest\u00f5es relacionadas \u00e0 complexa rela\u00e7\u00e3o entre Cultura Digital, Educa\u00e7\u00e3o, Tecnologia e Linguagem v\u00eam sendo discutidas e tratadas por diversos pesquisadores nos \u00faltimos anos, considerando a complexidade, abrang\u00eancia e relev\u00e2ncia [&hellip;]<\/p>\n","protected":false},"author":1,"featured_media":0,"parent":0,"menu_order":0,"comment_status":"closed","ping_status":"closed","template":"","meta":{"footnotes":""},"class_list":["post-1498","page","type-page","status-publish","hentry"],"_links":{"self":[{"href":"https:\/\/labinteligenciadigital.com.br\/digital\/wp-json\/wp\/v2\/pages\/1498","targetHints":{"allow":["GET"]}}],"collection":[{"href":"https:\/\/labinteligenciadigital.com.br\/digital\/wp-json\/wp\/v2\/pages"}],"about":[{"href":"https:\/\/labinteligenciadigital.com.br\/digital\/wp-json\/wp\/v2\/types\/page"}],"author":[{"embeddable":true,"href":"https:\/\/labinteligenciadigital.com.br\/digital\/wp-json\/wp\/v2\/users\/1"}],"replies":[{"embeddable":true,"href":"https:\/\/labinteligenciadigital.com.br\/digital\/wp-json\/wp\/v2\/comments?post=1498"}],"version-history":[{"count":0,"href":"https:\/\/labinteligenciadigital.com.br\/digital\/wp-json\/wp\/v2\/pages\/1498\/revisions"}],"wp:attachment":[{"href":"https:\/\/labinteligenciadigital.com.br\/digital\/wp-json\/wp\/v2\/media?parent=1498"}],"curies":[{"name":"wp","href":"https:\/\/api.w.org\/{rel}","templated":true}]}}